38987 prime?
False
Is 3011 a prime number?
True
Is 1771779 a composite number?
True
Is 24611 a prime number?
True
Is 11903 prime?
True
Is 359851 prime?
True
Is 77137 a composite number?
False
Is 163819 prime?
True
Is 11887 prime?
True
Is 29459 prime?
False
Is 21215 prime?
False
Is 12761 a prime number?
False
Is 412837 prime?
False
Is 12227 a prime number?
True
Is 1517 composite?
True
Is 93679 composite?
True
Is 601651 a prime number?
True
Is 559537 composite?
True
Is 129742 prime?
False
Is 13067 a composite number?
True
Is 293 a prime number?
True
Is 519577 a prime number?
True
Is 42371 prime?
False
Is 72589 prime?
False
Is 103534 a composite number?
True
Is 1185139 a prime number?
False
Is 3247643 composite?
True
Is 27473 a prime number?
False
Is 104933 a composite number?
False
Is 330199 composite?
False
Is 57745 composite?
True
Is 53587 prime?
False
Is 75731 a composite number?
False
Is 877 a prime number?
True
Is 64949 a prime number?
False
Is 9923 prime?
True
Is 14995 a composite number?
True
Is 7909 composite?
True
Is 1999441 a prime number?
True
Is 793 prime?
False
Is 36833 prime?
True
Is 177851 a composite number?
True
Is 18301 a prime number?
True
Is 389561 a prime number?
True
Is 3407 composite?
False
Is 189058 prime?
False
Is 129487 prime?
False
Is 154897 composite?
False
Is 5627 composite?
True
Is 1901 a composite number?
False
Is 14851 prime?
True
Is 71233 composite?
False
Is 10903 a prime number?
True
Is 11641 a prime number?
False
Is 467 a composite number?
False
Is 407521 a prime number?
True
Is 45431 prime?
False
Is 38149 composite?
False
Is 158 a composite number?
True
Is 2761 prime?
False
Is 7069 a composite number?
False
Is 433099 a composite number?
False
Is 2333 a prime number?
True
Is 367417 a prime number?
False
Is 40927 composite?
False
Is 41927 composite?
False
Is 4979 a prime number?
False
Is 102571 composite?
True
Is 42533 composite?
False
Is 82279 a composite number?
False
Is 2129 a composite number?
False
Is 280831 a composite number?
True
Is 3077447 a composite number?
True
Is 718043 prime?
True
Is 6197 prime?
True
Is 152549 a prime number?
False
Is 404267 composite?
False
Is 2579 a prime number?
True
Is 15053 a composite number?
False
Is 4183 prime?
False
Is 14909 composite?
True
Is 606901 composite?
True
Is 14761 composite?
True
Is 139661 composite?
False
Is 547959 prime?
False
Is 233005 a composite number?
True
Is 130081 a composite number?
True
Is 38359 a composite number?
True
Is 15101 a composite number?
False
Is 3427 a prime number?
False
Is 50035 a prime number?
False
Is 244141 prime?
True
Is 16921 a composite number?
False
Is 14263 a composite number?
True
Is 5939 a prime number?
True
Is 20419 prime?
False
Is 34514 a composite number?
True
Is 30986 a prime number?
False
Is 25882 composite?
True
Is 378811 prime?
False
Is 824627 composite?
True
Is 222587 a composite number?
False
Is 3833 a prime number?
True
Is 4279 prime?
False
Is 1017349 a composite number?
True
Is 1535 composite?
True
Is 74551 composite?
False
Is 188539 a composite number?
True
Is 19969 prime?
False
Is 925334 prime?
False
Is 14813 composite?
False
Is 149921 a composite number?
False
Is 104399 prime?
True
Is 28113 prime?
False
Is 5053 a prime number?
False
Is 161474 composite?
True
Is 29123 composite?
False
Is 2959 a composite number?
True
Is 90469 a composite number?
False
Is 342407 a prime number?
False
Is 253199 prime?
False
Is 28139 prime?
False
Is 919 a prime number?
True
Is 15009 composite?
True
Is 68141 prime?
True
Is 376265 a composite number?
True
Is 471397 a prime number?
False
Is 19619 prime?
False
Is 968167 composite?
True
Is 944183 prime?
False
Is 12449 a prime number?
False
Is 250579 a composite number?
True
Is 346513 a prime number?
False
Is 23417 a prime number?
True
Is 485989 a prime number?
False
Is 22917 prime?
False
Is 4139 a prime number?
True
Is 138239 prime?
True
Is 18295 a composite number?
True
Is 14813 a composite number?
False
Is 1423 a prime number?
True
Is 20506 a composite number?
True
Is 1259 prime?
True
Is 21587 a composite number?
False
Is 142733 prime?
True
Is 8158 a composite number?
True
Is 2557613 a prime number?
True
Is 2609 a composite number?
False
Is 69679 prime?
False
Is 14281 a prime number?
True
Is 1069 composite?
False
Is 11197 a composite number?
False
Is 112003 a prime number?
False
Is 13291 a prime number?
True
Is 5639 prime?
True
Is 508979 prime?
False
Is 292055 a prime number?
False
Is 452323 composite?
True
Is 23039 a prime number?
True
Is 2927 a prime number?
True
Is 232487 prime?
True
Is 23367 prime?
False
Is 717851 a composite number?
False
Is 193829 a prime number?
False
Is 15431 a composite number?
True
Is 112379 a composite number?
True
Is 6761 prime?
True
Is 205197 a composite number?
True
Is 150827 a prime number?
True
Is 7717 composite?
False
Is 331711 a composite number?
False
Is 383 composite?
False
Is 3659 a prime number?
True
Is 59159 a prime number?
True
Is 38953 a composite number?
False
Is 481909 composite?
False
Is 72017 a composite number?
True
Is 893947 a prime number?
False
Is 7427 a composite number?
True
Is 57949 a composite number?
True
Is 93797 prime?
False
Is 12631 a composite number?
True
Is 245711 prime?
True
Is 59113 a composite number?
False
Is 8443 composite?
False
Is 12661 a composite number?
True
Is 12641 a composite number?
False
Is 21662 a prime number?
False
Is 877567 a prime number?
True
Is 19466 a prime number?
False
Is 51231 a prime number?
False
Is 21737 prime?
True
Is 4649 prime?
True
Is 3601 prime?
False
Is 251783 composite?
True
Is 4547 prime?
True
Is 42341 a composite number?
True
Is 1735 a prime number?
False
Is 96865 a prime number?
False
Is 284393 a composite number?
True
Is 42963 a composite number?
True
Is 64967 prime?
False
Is 15863 prime?
False
Is 80701 a prime number?
True
Is 384017 a prime number?
True
Is 53285 a prime number?
False
Is 1277 a composite number?
False
Is 12197 a composite number?
False
Is 13415 composite?
True
Is 3946 a composite number?
True
Is 112657 a prime number?
True
Is 24043 prime?
True
Is 72019 composite?
False
Is 9629 a composite number?
False
Is 20993 a prime number?
False
Is 780467 a prime number?
False
Is 851 a composite number?
True
Is 14083 composite?
False
Is 1777 a prime number?
True
Is 2393 a composite number?
False
Is 4127 composite?
False
Is 841405 prime?
False
Is 10687 a composite number?
False
Is 26327 a prime number?
False
Is 174601 a prime number?
False
Is 2437 prime?
True
Is 31847 composite?
False
Is 13303 prime?
False
Is 195719 a composite number?
True
Is 9277 a prime number?
True
Is 27791 prime?
True
Is 59153 a prime number?
False
Is 808613 a prime number?
False
Is 148937 a prime number?
False
Is 772853 composite?
False
Is 596909 composite?
True
Is 465259 a composite number?
False
Is 4861 a prime number?
True
Is 1108459 a composite number?
True
Is 34897 a composite number?
False
Is 84121 a prime number?
True
Is 1150159 prime?
True
Is 165311 prime?
True
Is 1325527 a composite number?
True
Is 45039 prime?
False
Is 885829 a composite number?
True
Is 1847 a prime number?
True
Is 222071 a prime number?
False
Is 5359 composite?
True
Is 13929 composite?
True
Is 2665297 composite?
True
Is 461657 a composite number?
True
Is 1321627 prime?
True
Is 196357 composite?
True
Is 68311 a prime number?
True
Is 276455 a composite number?
True
Is 41723 prime?
False
Is 395215 composite?
True
Is 191 composite?
False
Is 18947 prime?
True
Is 64651 a composite number?
True
Is 87487 composite?
True
Is 2053 composite?
False
Is 122809 composite?
True
Is 746939 composite?
False
Is 734 a composite number?
True
Is 1094147 a composite number?
False
Is 99301 a prime number?
False
Is 31883 composite?
False
Is 35491 a prime number?
True
Is 48157 composite?
False
Is 190271 a composite number?
False
Is 38359 a prime number?
False
Is 1721 a composite number?
False
Is 16049 composite?
True
Is 2771 a prime number?
False
Is 481489 a composite number?
False
Is 29567 a prime number?
True
Is 28043 prime?
False
Is 15493 a composite number?
False
Is 13307 composite?
True
Is 2459 a composite number?
False
Is 423667 composite?
False
Is 33409 a prime number?
True
Is 10961 prime?
False
Is 8220379 prime?
True
Is 3732803 a composite number?
T